{"id":7,"date":"2021-05-19T12:44:18","date_gmt":"2021-05-19T12:44:18","guid":{"rendered":"https:\/\/achilleus.endre.pri.ee\/ratsutamine\/?page_id=7"},"modified":"2021-06-02T11:42:06","modified_gmt":"2021-06-02T11:42:06","slug":"ratsutamise-tutvustus","status":"publish","type":"page","link":"https:\/\/achilleus.endre.pri.ee\/ratsutamine\/ratsutamise-tutvustus\/","title":{"rendered":"Ratsutamise tutvustus"},"content":{"rendered":"\n<figure class=\"wp-block-embed is-type-video is-provider-youtube wp-block-embed-youtube wp-embed-aspect-16-9 wp-has-aspect-ratio\"><div class=\"wp-block-embed__wrapper\">\n<iframe loading=\"lazy\" title=\"Paralympic Sports A-Z: Equestrian\" width=\"500\" height=\"281\" src=\"https:\/\/www.youtube.com\/embed\/Lp5-W3IM5bc?feature=oembed\" frameborder=\"0\" allow=\"accelerometer; autoplay; clipboard-write; encrypted-media; gyroscope; picture-in-picture; web-share\" referrerpolicy=\"strict-origin-when-cross-origin\" allowfullscreen><\/iframe>\n<\/div><\/figure>\n\n\n\n<p>\u201eHobune on seda v\u00f5rd kaunis\u2026 mitte keegi ei v\u00e4si teada imetlemast, kui ta end kogu oma toreduses n\u00e4itab\u201c<\/p>\n\n\n\n<p><strong>Xenophon, Kreeka ajaloolane (u 430-365 aastat e. Kr)<\/strong><\/p>\n\n\n\n<p>Koolis\u00f5it on \u00fchteaegu nii kunst kui spordiala ning s\u00fcstemaatiline vahend rastaniku ja hobuse arendamiseks. Prantsuse ratsutamisekunsti meister Francios Baucher nimetas koolis\u00f5itu kunagi \u201eratsutamiseks toatuhvlites\u201c ja seda v\u00f5ib t\u00f5epoolsest ratsutamises peensuse tipuks pidada. Harjutused, mis keskenduvad hobuse all\u00fc\u00fcridele ja hoiakule ning kuhu kuuluvad erilised liikumised, on m\u00f5eldud arendama hobuse tasakaalu ja n\u00f5tkust ning panema ta rastaniku k\u00f5ige peenematele signaalidele tundlikult reageerima.<\/p>\n\n\n\n<p><strong>Koolis\u00f5idu ajalugu<\/strong><\/p>\n\n\n\n<p>Koolis\u00f5iduv\u00f5istlusel hinnatakse hobuse allumist ratsutaja k\u00f5igile k\u00e4sklustele ja liigutuste puhtus. Just need sihid olid Xenophonil silmade ee, kui ta kirjutas umbes 400 a eKr esimese teadoleva ratsutamis\u00f5piku. Ta kirjutas selle Kreeka ratsav\u00e4ele, kelle elu s\u00f5ltus sellest, kui kiiresti nende neljajalgsed reageerisid lahingus. Keskajal kadus kogu dressuur r\u00fc\u00fctli soomusr\u00fc\u00fc raskuse alla. Tulirelvade v\u00f5iduk\u00e4iguga muutus ratsaduell taas kiireks ja akrobaatiliseks, ratsakunst j\u00f5udis tippu 18. sajandil. Koolis\u00f5it raputas end s\u00f5janduslikust minevikust lahti suhteliselt hiljaaegu, mil mootors\u00f5idukid hakkasid asendama hobuseid. Ratsutamine sai ol\u00fcmpiaala 1912 ja areng j\u00e4tkub. Rahvusvaheline Ratsutamise F\u00f6deratsioon (International Equestrian Federotion, FEI) viib l\u00e4bi rohkesti suurv\u00f5istlusi, mis k\u00f6idavad selle asjatundjaid \u00fcle kogu maailma.<\/p>\n\n\n\n<p><strong>Tuntumad koolis\u00f5itjad, ala arendajad ja ratsakoolid<\/strong><\/p>\n\n\n\n<p>Koolis\u00f5itjad ja arendajad<\/p>\n\n\n\n<p>Federico Grisone- <a href=\"http:\/\/en.wikipedia.org\/wiki\/Federico_Grisone\" target=\"_blank\" rel=\"noreferrer noopener\">http:\/\/en.wikipedia.org\/wiki\/Federico_Grisone<\/a><br>Anatoine de Pluvinel- <a href=\"http:\/\/en.wikipedia.org\/wiki\/Antoine_de_Pluvinel\" target=\"_blank\" rel=\"noreferrer noopener\">http:\/\/en.wikipedia.org\/wiki\/Antoine_de_Pluvinel<\/a><br>William Cavendish- <a href=\"http:\/\/en.wikipedia.org\/wiki\/William_Cavendish,_1st_Duke_of_Newcastle\nFran\u00e7ois Robichon de la Gu\u00e9rinin\u00e8re-\" target=\"_blank\" rel=\"noreferrer noopener\">http:\/\/en.wikipedia.org\/wiki\/William_Cavendish,_1st_Duke_of_Newcastle<br>Fran\u00e7ois Robichon de la Gu\u00e9rinin\u00e8re- <\/a><a href=\"http:\/\/en.wikipedia.org\/wiki\/Fran%C3%A7ois_Robichon_de_La_Gu%C3%A9rini%C3%A8re\" target=\"_blank\" rel=\"noreferrer noopener\">http:\/\/en.wikipedia.org\/wiki\/Fran%C3%A7ois_Robichon_de_La_Gu%C3%A9rini%C3%A8re<\/a><br>Arthur von Pongracz- <a href=\"http:\/\/en.wikipedia.org\/wiki\/Arthur_von_Pongracz.\" target=\"_blank\" rel=\"noreferrer noopener\">http:\/\/en.wikipedia.org\/wiki\/Arthur_von_Pongracz.<\/a><br>..<\/p>\n\n\n\n<p><strong>Ratsakoolid<\/strong><\/p>\n\n\n\n<p>Viini Hispaania ratsakool<br>Cadre Noiri ratsakool<br>Koolis\u00f5it paraol\u00fcmpiam\u00e4ngudel<\/p>\n\n\n\n<p>Paraol\u00fcmpial oli kavvas 1984 aastal New York\/Stoke Mandeville<\/p>\n\n\n\n<p class=\"has-text-align-right\"><strong><em>J. Whtitaker ja I. Whitelaw \u201eHobune\u201c<br>\u201eSport: T\u00e4ielik illustreeritud k\u00e4siraamat\u201c<\/em><\/strong><\/p>\n\n\n\n<p>Ratsutamisest sai paraol\u00fcmpia osa 1996. aastal Atlantas. V\u00f5istelda saavad k\u00f5ik f\u00fc\u00fcsilise ning n\u00e4gemispuudega sportlased. V\u00f5istlusalad on jaotatud nende funktsionaalsete omaduste j\u00e4rgi. V\u00f5istlejad saavad v\u00f5istelda koolis\u00f5idus, ettem\u00e4\u00e4ratud elementidega s\u00f5idus ning vabastiilis s\u00f5idus muusika saatel. Samuti on v\u00f5imalik v\u00f5istelda ka meeskonnana, milles on 3 kuni 4 liiget. S\u00f5itjaid hinnatakse nende ratsutamisoskuse j\u00e4rgi ning nad v\u00f5ivad kasutada abivahendeid nagu koolis\u00f5idu piitsa, kummilinti ning teisi vahendeid.<\/p>\n","protected":false},"excerpt":{"rendered":"<p>\u201eHobune on seda v\u00f5rd kaunis\u2026 mitte keegi ei v\u00e4si teada imetlemast, kui ta end kogu oma toreduses n\u00e4itab\u201c Xenophon, Kreeka ajaloolane (u 430-365 aastat e. Kr) Koolis\u00f5it on \u00fchteaegu nii kunst kui spordiala ning s\u00fcstemaatiline vahend rastaniku ja hobuse arendamiseks. Prantsuse ratsutamisekunsti meister Francios Baucher nimetas koolis\u00f5itu kunagi \u201eratsutamiseks toatuhvlites\u201c ja seda v\u00f5ib t\u00f5epoolsest ratsutamises [&hellip;]<\/p>\n","protected":false},"author":1,"featured_media":0,"parent":0,"menu_order":0,"comment_status":"closed","ping_status":"closed","template":"","meta":{"_uag_custom_page_level_css":"","footnotes":""},"class_list":["post-7","page","type-page","status-publish","hentry"],"uagb_featured_image_src":{"full":false,"thumbnail":false,"medium":false,"medium_large":false,"large":false,"1536x1536":false,"2048x2048":false},"uagb_author_info":{"display_name":"admin","author_link":"https:\/\/achilleus.endre.pri.ee\/ratsutamine\/author\/admin\/"},"uagb_comment_info":0,"uagb_excerpt":"\u201eHobune on seda v\u00f5rd kaunis\u2026 mitte keegi ei v\u00e4si teada imetlemast, kui ta end kogu oma toreduses n\u00e4itab\u201c Xenophon, Kreeka ajaloolane (u 430-365 aastat e. Kr) Koolis\u00f5it on \u00fchteaegu nii kunst kui spordiala ning s\u00fcstemaatiline vahend rastaniku ja hobuse arendamiseks. Prantsuse ratsutamisekunsti meister Francios Baucher nimetas koolis\u00f5itu kunagi \u201eratsutamiseks toatuhvlites\u201c ja seda v\u00f5ib t\u00f5epoolsest ratsutamises&hellip;","_links":{"self":[{"href":"https:\/\/achilleus.endre.pri.ee\/ratsutamine\/wp-json\/wp\/v2\/pages\/7","targetHints":{"allow":["GET"]}}],"collection":[{"href":"https:\/\/achilleus.endre.pri.ee\/ratsutamine\/wp-json\/wp\/v2\/pages"}],"about":[{"href":"https:\/\/achilleus.endre.pri.ee\/ratsutamine\/wp-json\/wp\/v2\/types\/page"}],"author":[{"embeddable":true,"href":"https:\/\/achilleus.endre.pri.ee\/ratsutamine\/wp-json\/wp\/v2\/users\/1"}],"replies":[{"embeddable":true,"href":"https:\/\/achilleus.endre.pri.ee\/ratsutamine\/wp-json\/wp\/v2\/comments?post=7"}],"version-history":[{"count":3,"href":"https:\/\/achilleus.endre.pri.ee\/ratsutamine\/wp-json\/wp\/v2\/pages\/7\/revisions"}],"predecessor-version":[{"id":31,"href":"https:\/\/achilleus.endre.pri.ee\/ratsutamine\/wp-json\/wp\/v2\/pages\/7\/revisions\/31"}],"wp:attachment":[{"href":"https:\/\/achilleus.endre.pri.ee\/ratsutamine\/wp-json\/wp\/v2\/media?parent=7"}],"curies":[{"name":"wp","href":"https:\/\/api.w.org\/{rel}","templated":true}]}}